{"id":1382,"date":"2017-05-22T10:39:00","date_gmt":"2017-05-22T08:39:00","guid":{"rendered":"https:\/\/ilguelfobianco.it\/le-camere\/?lang=pt-pt"},"modified":"2019-11-05T12:15:49","modified_gmt":"2019-11-05T11:15:49","slug":"quartos-romanticos-hotel-florenca","status":"publish","type":"page","link":"https:\/\/ilguelfobianco.it\/pt-pt\/quartos-romanticos-hotel-florenca\/","title":{"rendered":"Quartos"},"content":{"rendered":"<p>Cada quarto do <strong>Hotel Il Guelfo Bianco<\/strong> \u00e9 \u00fanico no que concerne \u00e0 decora\u00e7\u00e3o, \u00e0 escolha das cores e dos tecidos artesanais. O mobili\u00e1rio e os acess\u00f3rios de decora\u00e7\u00e3o s\u00e3o todos pe\u00e7as antigas originais dos\u00a0<strong>per\u00edodos setecentista e oitocentista ou em estilo liberty<\/strong>, restaurados com cuidado, tal como os maravilhosos\u00a0<strong>tetos abobadados e em caixot\u00f5es.<\/strong> Antigo mas n\u00e3o s\u00f3: todos os quartos alojam obras de\u00a0<strong>important\u00edssimos artistas contempor\u00e2neos\u00a0<\/strong>com vista a uma interessante combina\u00e7\u00e3o de estilos.<\/p>\n<p>Com vista para a antiga via Larga, para os jardins interiores ou sobre os telhados de Floren\u00e7a \u2013 um com vista sobre a c\u00fapula do Duomo \u2013 os 40 quartos oferecem casas-de-banho com loi\u00e7as em cer\u00e2mica pintada \u00e0 m\u00e3o dos Decoratori Bassanesi, ar condicionado, televis\u00e3o de ecr\u00e3 plano com programa\u00e7\u00e3o SKY e s\u00e3o totalmente insonorizados a fim de garantir a sua tranquilidade.<\/p>\n","protected":false},"excerpt":{"rendered":"<p>Cada quarto do Hotel Il Guelfo Bianco \u00e9 \u00fanico no que concerne \u00e0 decora\u00e7\u00e3o, \u00e0 escolha das cores e dos [&hellip;]<\/p>\n","protected":false},"author":7,"featured_media":10029,"parent":0,"menu_order":0,"comment_status":"closed","ping_status":"closed","template":"page-room.php","meta":[],"yst_prominent_words":[11345,10004,11160,10006,11346,11323,11324,11348,9802,10007,11347,11349,9807,10005],"acf":[],"_links":{"self":[{"href":"https:\/\/ilguelfobianco.it\/pt-pt\/wp-json\/wp\/v2\/pages\/1382"}],"collection":[{"href":"https:\/\/ilguelfobianco.it\/pt-pt\/wp-json\/wp\/v2\/pages"}],"about":[{"href":"https:\/\/ilguelfobianco.it\/pt-pt\/wp-json\/wp\/v2\/types\/page"}],"author":[{"embeddable":true,"href":"https:\/\/ilguelfobianco.it\/pt-pt\/wp-json\/wp\/v2\/users\/7"}],"replies":[{"embeddable":true,"href":"https:\/\/ilguelfobianco.it\/pt-pt\/wp-json\/wp\/v2\/comments?post=1382"}],"version-history":[{"count":0,"href":"https:\/\/ilguelfobianco.it\/pt-pt\/wp-json\/wp\/v2\/pages\/1382\/revisions"}],"wp:featuredmedia":[{"embeddable":true,"href":"https:\/\/ilguelfobianco.it\/pt-pt\/wp-json\/wp\/v2\/media\/10029"}],"wp:attachment":[{"href":"https:\/\/ilguelfobianco.it\/pt-pt\/wp-json\/wp\/v2\/media?parent=1382"}],"wp:term":[{"taxonomy":"yst_prominent_words","embeddable":true,"href":"https:\/\/ilguelfobianco.it\/pt-pt\/wp-json\/wp\/v2\/yst_prominent_words?post=1382"}],"curies":[{"name":"wp","href":"https:\/\/api.w.org\/{rel}","templated":true}]}}

<p>Cada quarto do <strong>Hotel Il Guelfo Bianco</strong> é único no que concerne à decoração, à escolha das cores e dos tecidos artesanais. O mobiliário e os acessórios de decoração são todos peças antigas originais dos <strong>períodos setecentista e oitocentista ou em estilo liberty</strong>, restaurados com cuidado, tal como os maravilhosos <strong>tetos abobadados e em caixotões.</strong> Antigo mas não só: todos os quartos alojam obras de <strong>importantíssimos artistas contemporâneos </strong>com vista a uma interessante combinação de estilos.</p>
<p>Com vista para a antiga via Larga, para os jardins interiores ou sobre os telhados de Florença – um com vista sobre a cúpula do Duomo – os 40 quartos oferecem casas-de-banho com loiças em cerâmica pintada à mão dos Decoratori Bassanesi, ar condicionado, televisão de ecrã plano com programação SKY e são totalmente insonorizados a fim de garantir a sua tranquilidade.</p>

<p>Cada quarto do Hotel Il Guelfo Bianco é único no que concerne à decoração, à escolha das cores e dos [&hellip;]</p>
